pose -9*c - b - 670 = -11*c, -3*c - 5*b + 992 = 0. What is the tens digit of c?
3
Suppose 3*p - 4*k = k - 49, 3*k = -p - 7. Let j = -13 + 24. Let d = j - p. What is the tens digit of d?
2
Suppose -2*j = -6*j - c + 6, -5*c + 5 = -5*j. Let i(m) = 121*m + 2. Let b be i(j). Suppose -6*h + 21 = -b. What is the units digit of h?
4
Suppose 2*q = -b + 2272, -23*b = -25*b + 4. What is the hundreds digit of q?
1
Let x = -714 + 1596. What is the tens digit of x?
8
Let j(h) = 4205*h**3 + 4*h**2 - 6*h + 4. What is the thousands digit of j(1)?
4
Let h be (12/(-2))/((-15)/70). Let m = h - 25. Suppose m*l - 2*c = 34, 2*l + 53 = 6*l + 5*c. What is the tens digit of l?
1
Suppose 0 = 6*n + 2*n + 672. What is the units digit of ((-7)/(n/184))/(1/9)?
8
Suppose 6*r - 300 = -0*r. Suppose 0*n = 5*n + r. What is the units digit of (n + 15)/(0 + 1)?
5
Suppose 0 = -8*p - 14 + 46. What is the tens digit of (-532)/(-16) - (-3 - -4)/p?
3
Let t = 2432 - 1626. What is the units digit of t?
6
What is the thousands digit of -2 - -3799 - (55 + -51)?
3
Let z be 2*5*6/(-4). Let f = 16 - 41. Let k = z - f. What is the tens digit of k?
1
What is the units digit of ((-2)/3)/(3/405*-2)?
5
Suppose j = 4*m - 141 - 5, 3*m = 5*j + 101. Suppose 2*p - m - 77 = -4*a, 2*a + 45 = p. What is the tens digit of p?
5
Suppose 18673 = 5*z - 6*i + 9*i, -z - 2*i + 3736 = 0. What is the tens digit of z?
3
Let t = 15 - 24. Let i be (-26)/(-2 - 16/(-12)). Let y = t + i. What is the tens digit of y?
3
Let y = -692 - -678. Suppose -2 = -d + 1, -5*d + 93 = 2*b. Let t = b + y. What is the tens digit of t?
2
Let m(s) = s**3 + 9*s**2 + 2*s - 9. Let l be m(-8). Let f = l - 27. What is the units digit of 42/5 - f/(-20)?
9
Suppose -n = -2*f + 2, n + 3*f + 35 = 13. Let a(g) = 8 + 17*g + 7 - g + 2*g**2. What is the units digit of a(n)?
5
Let q = 14 - 9. Let o(k) = 2*k**3 - 7*k**2 + 2*k + 5. What is the tens digit of o(q)?
9
Suppose -3*i + 139 - 7 = 0. Let u = 142 - i. What is the tens digit of u?
9
Let n(m) = m**3 + 10*m**2 + 9*m + 8. Let d be n(-9). Let r = d - 5. Suppose -2*i + 5*a + 26 = 0, 3*a + 22 = r*i - 17. What is the tens digit of i?
1
Let l = 4311 + -1663. What is the units digit of l?
8
Suppose 0 = -13*k + 678 + 2780. What is the tens digit of k?
6
Let s(y) = 2*y**2 - 5*y - 78. What is the units digit of s(32)?
0
Let h = 158 + -24. What is the units digit of h?
4
Let f(h) = -44*h + 68. What is the units digit of f(-4)?
4
Suppose 0*b - 4*b = 12, 5*b = 2*r - 21. Suppose -4*i + 11 = -k, 2*i = -r*k + 7*k - 12. Let u = k + -2. What is the units digit of u?
3
Suppose 2*n - 4*n = -24. Let l be (4 - 2) + -2 - -4. Suppose -l*t + n + 4 = -i, -i - 11 = -3*t. What is the units digit of i?
4
Suppose -3*d - u - u = -457, -u - 779 = -5*d. Suppose -t + 727 = 5*k, -d = -k - t + 4*t. What is the hundreds digit of k?
1
Let n(g) = -3*g. Let m be n(-1). Suppose 4*s + 27 = -m*i + 4*i, 0 = -3*i + 2*s + 91. What is the units digit of i?
1
Let r(x) be the second derivative of x**4/12 + x**3/6 - x**2/2 - 18*x. What is the units digit of r(1)?
1
Let y(p) = p**3 + 2*p**2 - 2*p + 54. What is the units digit of y(0)?
4
Suppose -716*b = -723*b + 1666. What is the hundreds digit of b?
2
Suppose 0 = -3*i + 2*i + 158. Suppose 6*y - i - 10 = 0. What is the units digit of y?
8
Let x(z) = -12*z**2 + 10 + 3*z**3 - 6*z**3 + 18*z + 4*z**3. What is the units digit of x(11)?
7
Let p = 606 - 143. What is the units digit of p?
3
Let h(j) = 155*j**2 - j - 21. What is the tens digit of h(-4)?
6
Let i = 596 - -646. Suppose -2*r + 7*r + 4*y - i = 0, 0 = -2*r - 4*y + 504. Suppose -r = -4*x - 3*g, 0*x = 4*x + 2*g - 244. What is the tens digit of x?
6
Let k(w) = 2962*w**2 - 47*w - 47. What is the thousands digit of k(-1)?
2
What is the units digit of (-6)/(12/(-182)) + 1?
2
Let p(q) = 1752*q**3 + 6*q**2 - 3*q - 2. What is the units digit of p(1)?
3
Let g(s) = -s**3 + 3. Let u = 21 + -19. Suppose -2*m + u*z - 22 = -2*z, -4*z + 28 = -4*m. What is the tens digit of g(m)?
3
What is the units digit of (-1)/8 - (-22593)/136?
6
Let r be (-1)/((-1)/(-11)) - -2. Let w be (-1 - 0)/(r/45). Suppose -a = 3 - w. What is the units digit of a?
2
Let m(f) = 41*f + 106. What is the units digit of m(13)?
9
Let n be 64 + (1 + -2)*4. Let a = n + -28. What is the units digit of a?
2
Suppose -4*j - 12 + 0 = 0. Let b be 0 - 3/(j/2). Suppose b = z - 15. What is the units digit of z?
7
Suppose 2*a + 0 = 6. Suppose -8 = -a*y + y. Suppose -12 = -y*r + z + 11, 0 = -3*r + 4*z + 14. What is the units digit of r?
6
Let g be (41 - -1) + (7 - (8 + -3)). Let o = g - -144. What is the tens digit of o?
8
Let f(u) = u**3 - 16*u**2 - u + 58. What is the units digit of f(16)?
2
Suppose -5*h - 2*n = 0, -4*h - 2*n + 2 = 4. Suppose 0 = h*g + g. Suppose 3*i - 4*k - 57 - 29 = g, -2*i - k + 50 = 0. What is the tens digit of i?
2
Let c(o) = 20*o**2 + o + 2. What is the units digit of c(-1)?
1
Suppose 5*i - 2867 - 1243 = 3*w, 0 = -w. What is the units digit of i?
2
Suppose 12 = -g + 3*g - 3*b, 4*g - 2*b = 24. What is the units digit of 128/12 - (-2)/g?
1
Let y = -42 + 9. Let l = -18 - y. Suppose k - l = -7. What is the units digit of k?
8
Suppose 5*n - 2*n - 48 = 0. Suppose -4*y + 0 = 3*c - 12, 0 = -4*c + y + n. Suppose 4*h - 3*u = 127, 0 = c*h - u - 3*u - 132. What is the tens digit of h?
2
Let z(s) be the first derivative of -s**4/4 + 3*s**3 - 4*s**2 + 5*s - 5. Let x be z(8). What is the units digit of (x/(-3))/(2/(-18))?
5
Suppose 3*q + 3*u = -2*q + 135, 4*u = 20. What is the units digit of q?
4
Suppose -114*w + 76*w = -25232. What is the units digit of w?
4
Suppose -2*v = -4*v. Suppose -162 = -4*x - 2*w, v = -7*x + 2*x + 4*w + 222. What is the tens digit of x?
4
Suppose 0 = -3*f - 3*z + 369, 3*f + 13*z = 16*z + 381. What is the units digit of f?
5
Let n(o) = -200*o + 261. What is the hundreds digit of n(-17)?
6
Suppose -2*w + w + 470 = 0. Suppose -4*s - 2*k = -0*k - w, -115 = -s + 2*k. What is the units digit of s?
7
Let r(j) = -2*j**3 - 17*j**2 - 12*j - 29. What is the units digit of r(-11)?
8
Suppose 2*b - 18 = 8. Suppose -15*y + b*y = 4. What is the tens digit of y/(-6) - 266/(-21)?
1
What is the units digit of (1281/2)/((-7)/(-14))?
1
Let y(t) = -5*t**2 + 6*t**2 + 0*t + 6*t + 19 - 2*t. What is the tens digit of y(-13)?
3
Suppose a + 2 - 26 = 4*b, 3*b = -4*a + 39. Let y = a + 2. Suppose -f + 22 + y = 0. What is the units digit of f?
6
Let r = -1 - -6. Suppose -q - 4*a - 56 = -2*q, q + a = 46. Suppose -j = -r*j + q. What is the tens digit of j?
1
Let q(f) = -f**3 - 4*f**2 - f - 6. Let h be q(-4). What is the units digit of h/3 + 352/24?
4
Let d be 14*((-12)/(-8) - 2). Let y(b) = -b**3 - 4*b**2 + 11*b + 5. What is the units digit of y(d)?
5
Let g = 377 - 351. What is the units digit of g?
6
Suppose -x + 3794 = 5*d, 2*x + 1600 = -4*d + 4634. What is the hundreds digit of d?
7
Suppose 195 = 3*j + 3*r, 4*r = -5 + 21. Let l be 9 - (-49)/14*12/(-21). Let x = j - l. What is the tens digit of x?
5
Suppose 5*h = -0*y - y + 205, 3*h + 2*y - 130 = 0. Let w = 36 + h. What is the units digit of (w/(-8))/((-2)/4)?
9
Suppose 5*f + 0*f - 2399 = -4*m, 0 = -f + 5*m + 503. What is the hundreds digit of f?
4
Let q be (-130)/1*(-68)/(-85). Let z = 201 + q. What is the tens digit of z?
9
Let n(t) = 140*t**2 + 9*t + 32. What is the tens digit of n(-3)?
6
Let i = -159 + 216. What is the units digit of i?
7
Let k = -118 - -134. Suppose -k*j - 952 = -20*j. What is the hundreds digit of j?
2
Suppose 7*l - 5*h = 2*l, 5*h = l + 16. Suppose 2*y - 5*x + 68 = l*y, -5*x = -10. Suppose 5*k - 5 = u + 12, 3*u + k - y = 0. What is the units digit of u?
8
Suppose 2*t + 562 = 1472. What is the hundreds digit of t?
4
Let n = 58 + 20. What is the tens digit of n?
7
Let d = 132 - 62. Suppose 4*j + 5*m - 399 = 0, -j + 20 + d = -2*m. What is the units digit of j?
6
Let w = 68 - 66. Suppose -5*h = 2*v + w*v - 120, 4*v + 3*h - 120 = 0. What is the tens digit of v?
3
Suppose 7797 = -0*d + 23*d. What is the units digit of d?
9
Let i(g) be the second derivative of g**4/6 + g**3/6 + 3*g**2/2 + g. Let b = -53 + 49. What is the tens digit of i(b)?
3
Let v = -1070 + 2536. What is the units digit of v?
6
What is the thousands digit of (-15)/(915/(-456) - -2) + 7?
2
Suppose 2*c = 4*j - 7448, -25*c + 26*c = -j + 1856. What is the units digit of